 406. Give k(-25).
-56
Let o(q) = q**3 + 1408*q**2 - 8481*q - 42. Determine o(6).
-24
Let s(d) = -4*d**3 - 116*d**2 - 770*d + 49. What is s(-19)?
239
Let i(j) = 39*j + 2226. Determine i(-82).
-972
Let w(c) = 36*c**3 + 79*c**2 - 35*c - 68. Give w(-2).
30
Let o(z) = 1057*z + 14794. Determine o(-14).
-4
Let z(s) = -s**3 + 77*s**2 + 12*s - 4. What is z(0)?
-4
Let b(f) = 4*f**2 + 136*f - 109. Give b(-21).
-1201
Let m(x) = 9*x**3 + 15*x**2 - 544*x - 13. Give m(7).
1
Let h(t) = -t**3 + 38*t**2 - 242*t - 1479. Calculate h(27).
6
Let v(o) = -4*o**3 - 2497*o**2 - 10526*o + 8680. Calculate v(-620).
0
Let q(d) = -73*d**2 - 13700*d - 41109. What is q(-3)?
-666
Let l(w) = -567*w - 34627. Determine l(-61).
-40
Let g(x) = 3*x**2 - 96*x - 343. Determine g(33).
-244
Let f(p) = -9004*p - 891068. Give f(-99).
328
Let q(a) = -22903*a - 320631. Give q(-14).
11
Let m(i) = -125593*i - 1004772. Calculate m(-8).
-28
Let j(h) = h**3 - 116*h**2 + 126*h - 1579. Calculate j(115).
-314
Let a(o) = 9*o**2 - 8643*o - 5769. Give a(961).
-3
Let h(b) = 40738*b - 4806954. Give h(118).
130
Let n(o) = -9255*o - 6071282. What is n(-656)?
-2
Let c(n) = -106922*n + 1497124. What is c(14)?
216
Let m(h) = 2*h**2 - 242089*h - 3147500. Determine m(-13).
-5
Let j(x) = 4*x**2 - 47*x + 201. Calculate j(17).
558
Let w(t) = -t**3 + 85*t**2 - 171*t + 159. Calculate w(83).
-256
Let o(z) = -20*z**3 + 184*z**2 + 35*z + 44. Calculate o(9).
683
Let b(u) = 2104*u - 147555. Calculate b(70).
-275
Let h(d) = -d**3 - 18*d**2 + 3389*d + 57918. What is h(-17)?
16
Let m(l) = l**3 - 55*l**2 - 357*l - 629. What is m(61)?
-80
Let i(u) = -795*u - 23095. What is i(-29)?
-40
Let w(u) = 2*u**3 - 64*u**2 + 309*u + 19. What is w(6)?
1
Let z(x) = -x**2 + 13149*x - 157969. Calculate z(12).
-325
Let u(p) = -p**3 - 18*p**2 + 318*p + 3264. Calculate u(-10).
-716
Let n(w) = -3*w**3 + 318*w**2 - 13*w + 1373. Give n(106).
-5
Let z(i) = -31231*i - 812052. Give z(-26).
-46
Let f(d) = -22880*d + 617764. Determine f(27).
4
Let n(z) = -3*z**2 + 174*z - 2120. Give n(16).
-104
Let u(m) = -m**3 + 8*m**2 + 283*m + 170. Calculate u(-13).
40
Let s(d) = -1980*d**2 + 7920*d - 13. What is s(4)?
-13
Let o(l) = -581*l + 10334. What is o(18)?
-124
Let x(b) = -1713*b**2 - 128*b - 38. Calculate x(-1).
-1623
Let p(y) = -y**3 - 831*y**2 - 706*y + 102425. What is p(-830)?
-495
Let f(d) = 201*d + 13802. Calculate f(-69).
-67
Let n(t) = 222083*t - 71066559. Determine n(320).
1
Let i(l) = -15*l**3 + 152*l**2 + 409*l - 4289. What is i(10)?
1
Let x(q) = 21*q**3 - 282*q**2 + 364*q - 22. Determine x(12).
26
Let o(c) = 141*c - 9472. Calculate o(67).
-25
Let m(k) = -157*k**2 - 42*k + 75. Give m(3).
-1464
Let r(o) = -168*o**2 - 4224*o + 3702. What is r(-26)?
-42
Let j(s) = 2*s**3 + 148*s**2 - 621*s + 275. Determine j(-78).
41
Let q(m) = m**3 - 132*m**2 - 1129*m + 1237. Give q(140).
-23
Let g(v) = -618*v - 7477. What is g(-10)?
-1297
Let p(t) = -t**2 + 17662*t + 123694. What is p(-7)?
11
Let g(q) = 3423*q + 147167. What is g(-43)?
-22
Let z(w) = -w**3 - 26*w**2 - 14*w - 656. Determine z(-26).
-292
Let d(g) = -186908*g + 5046505. Give d(27).
-11
Let g(s) = -545*s + 4755. Give g(8).
395
Let r(i) = -i**3 + 282*i**2 + 110*i - 31004. Calculate r(282).
16
Let w(x) = -4*x**2 + 286*x + 4201. Determine w(-13).
-193
Let i(q) = -12375*q + 99260. What is i(8)?
260
Let c(s) = -454*s + 114383. What is c(252)?
-25
Let a(h) = 80*h + 4234. Give a(-51).
154
Let t(m) = 505280*m + 4547515. What is t(-9)?
-5
Let i(q) = q**2 - 51302*q + 1845581. Determine i(36).
5
Let n(s) = s**3 + 220*s**2 - 1321*s + 8242. Determine n(-226).
332
Let c(i) = -59*i**3 + 2*i**2 + 278*i + 3. What is c(0)?
3
Let u(f) = -f**3 - 4*f**2 + 482*f + 2380. What is u(-5)?
-5
Let s(y) = -8*y**2 + 153*y + 463. What is s(-3)?
-68
Let d(h) = h**3 - 724*h**2 + 3741*h - 104978. Determine d(719).
-4
Let y(b) = b**3 - 77*b**2 + 619*b - 66. Determine y(9).
-3
Let t(z) = -1208*z - 56250. Give t(-47).
526
Let i(a) = a**2 - 43*a - 5803. Determine i(-73).
2665
Let y(j) = 3*j**3 + 77*j**2 - 495*j + 23. Calculate y(-31).
-8
Let m(r) = 6*r**2 - 74*r - 333485. Determine m(242).
-9
Let o(s) = -44*s**2 - 5971*s - 50186. Calculate o(-9).
-11
Let i(x) = -302*x - 37753. Give i(-125).
-3
Let s(f) = -2215*f - 5507. Give s(-3).
1138
Let m(f) = 126384*f - 126413. Calculate m(1).
-29
Let n(d) = d**3 + 983*d**2 + 29512*d - 64. What is n(-31)?
-64
Let q(n) = -57*n**2 - 12641*n + 2893. Give q(-222).
7
Let o(i) = i**3 - 21*i**2 + 75*i - 485. Give o(18).
-107
Let f(k) = k**3 - 85*k**2 - 1842*k - 283. Determine f(103).
953
Let f(c) = 26471*c + 264599. Give f(-10).
-111
Let u(z) = -5*z**2 + 1203*z - 9968. Calculate u(232).
8
Let s(m) = 3026*m + 3673. Determine s(-1).
647
Let x(a) = -2*a**3 + 6*a**2 + 113*a - 801. What is x(6)?
-339
Let x(y) = -y**2 + 58*y - 163. Determine x(50).
237
Let r(p) = p**3 - 167*p**2 + 1548*p + 80. Calculate r(10).
-140
Let m(k) = -269*k**2 - 22577*k + 1580. Calculate m(-84).
-16
Let q(a) = -18*a**2 - 430*a + 368. Determine q(-26).
-620
Let z(c) = c**3 - 56*c**2 + 90*c + 898. What is z(54)?
-74
Let n(r) = r**2 + 26*r + 108. Determine n(-7).
-25
Let k(l) = 6*l**3 - 167*l**2 - 141*l - 1802. Calculate k(29).
-4
Let u(t) = 166177*t + 8641183. What is u(-52)?
-21
Let t(m) = m**3 + 219*m**2 + 898*m + 8160. Give t(-215).
-10
Let w(j) = 3*j**2 - 1658*j - 11575. What is w(-7)?
178
Let a(j) = -93*j + 11930. Determine a(130).
-160
Let m(w) = -w**2 - 2453*w - 24335. What is m(-10)?
95
Let v(o) = -2*o**2 + 58031*o - 580151. Give v(10).
-41
Let z(i) = 885*i + 5059. Give z(-5).
634
Let s(o) = 3426*o + 10335. Calculate s(-3).
57
Let v(h) = -h**3 - 119*h**2 - 1012*h - 114. Determine v(-9).
84
Let g(f) = 324*f - 13709. What is g(42)?
-101
Let t(y) = 5544*y + 5355. Determine t(-1).
-189
Let x(w) = 39262*w + 274819. Determine x(-7).
-15
Let y(n) = 41058*n - 328648. What is y(8)?
-184
Let y(a) = -760*a - 8848. Give y(-13).
1032
Let j(h) = -445344*h - 2226729. Give j(-5).
-9
Let b(i) = -i**3 + 1275*i**2 + 7420*i + 340744. What is b(1281)?
-2
Let b(o) = -2*o**3 + 58*o**2 - 428*o + 154. Calculate b(13).
-2
Let q(h) = -1090*h - 81588. What is q(-75)?
162
Let n(r) = r**2 - 545*r + 73839. What is n(250)?
89
Let a(f) = 5444*f + 76116. Calculate a(-14).
-100
Let o(q) = q**3 + 14*q**2 - 345*q - 4609. Determine o(-13).
45
Let d(v) = -v**3 - 14*v**2 + 632*v + 7571. Determine d(-12).
-301
Let n(h) = h**2 - 449*h - 28726. Determine n(-58).
680
Let q(m) = -203143*m - 2437711. Calculate q(-12).
5
Let h(r) = -3020*r**2 + 18083*r + 220. Calculate h(6).
-2
Let d(k) = -53090*k + 743228. Give d(14).
-32
Let d(t) = -5*t**3 + 215*t**2 + 2*t + 91. Give d(43).
177
Let g(b) = 174*b**2 + 400*b + 1184. Determine g(-3).
1550
Let q(c) = -99*c + 10940. What is q(113)?
-247
Let a(r) = r**3 + 286*r**2 - 519*r - 229135. Determine a(-285).
5
Let o(g) = g**3 - 10989*g**2 + 470676*g + 90. Determine o(43).
4
Let o(y) = -y**2 - 2910*y + 589004. Determine o(190).
4
Let d(f) = -4*f**2 + 486*f + 10049. What is d(-18)?
5
Let g(w) = -2*w**3 - 40*w**2 + 92239*w + 1844788. Give g(-20).
8
Let j(g) = -2*g**2 - 241*g + 45320. Give j(98).
2494
Let d(b) = 16*b**2 + 2992*b - 28. Determine d(-187).
-28
Let r(o) = -o**3 - 153*o**2 + 4867*o + 1226. What is r(-180)?
-34
Let j(f) = 7*f**2 - 2359*f - 4748. Calculate j(339).
-2
Let a(p) = 206*p**2 - 64067*p + 338. Determine a(311).
27
Let n(p) = 1211*p**2 + 4832*p - 58. Give n(-4).
-10
Let a(z) = -9*z**2 - 505*z - 99. Give a(-60).
-2199
Let j(k) = 653*k + 25030. Give j(-38).
216
Let p(l) = -94*l + 1092. What is p(9)?
246
Let x(l) = 176*l**2 + 1938*l + 23. Determine x(-11).
1
Let n(w) = 1022*w - 20853. Give n(22).
1631
Let x(u) = -7*u**2 + 12149*u + 12149. Calculate x(-1).
-7
Let a(n) = n**2 - 1953*n - 21605. Give a(-11).
-1
Let n(f) = 48*f + 913. Calculate n(-21).
-95
Let w(a) = -8547*a + 333624. What is w(39)?
291
Let v(k) = -589*k - 120645. Give v(-205).
100
Let s(t) = 310*t**2 + 74082*t - 1923. Calculate s(-239).
-11
Let q(a) = 3*a**3 - 66*a**2 + 302*a - 46. Calculate q(5).
189
Let x(y) = -y**2 - 182*y + 7536. Determine x(-217).
-59
Let i(d) = 570933*d - 3425584. What is i(6)?
14
Let i(g) = 121792*g + 609016. What is i(-5)?
56
Let t(p) = 6*p**2 + 188*p - 1123. What is t(-36)?
-115
Let d(y) = -2142*y + 1595702. Give d(745).
-88
Let m(x)